{"id":548,"date":"2022-05-13T12:43:27","date_gmt":"2022-05-13T15:43:27","guid":{"rendered":"https:\/\/gimenesgimenes.com.br\/?page_id=548"},"modified":"2022-05-14T21:21:16","modified_gmt":"2022-05-15T00:21:16","slug":"aviso-de-privacidade","status":"publish","type":"page","link":"https:\/\/gimenesgimenes.com.br\/?page_id=548","title":{"rendered":"Aviso de Privacidade"},"content":{"rendered":"<p><strong><u>Aviso de Privacidade<\/u><\/strong><\/p>\n<p>Temos o compromisso de proteger sua privacidade ao lidar com suas informa\u00e7\u00f5es pessoais. Este aviso de privacidade fornece detalhes sobre as informa\u00e7\u00f5es que coletamos sobre voc\u00ea, como as usamos e como as protegemos. Ele tamb\u00e9m fornece informa\u00e7\u00f5es sobre seus direitos, sobre as informa\u00e7\u00f5es que processamos, e os motivos pelos quais as processamos.<\/p>\n<p>&nbsp;<\/p>\n<p><strong><u>Seus Direitos<\/u><\/strong><\/p>\n<p>Voc\u00ea tem o direito de acessar suas informa\u00e7\u00f5es, solicitar a corre\u00e7\u00e3o de quaisquer erros, excluir e restringir o uso, al\u00e9m de retirar a permiss\u00e3o que voc\u00ea nos forneceu para a utiliza\u00e7\u00e3o de seus dados e respectivo compartilhamento. Para isto, efetue a solicita\u00e7\u00e3o pelo e-mail <a href=\"mailto:dpo@gimenesgimenes.com.br\">dpo@gimenesgimenes.com.br<\/a> , dispon\u00edvel aqui em \u201cfale conosco\u201d.<\/p>\n<p>&nbsp;<\/p>\n<p><strong><u>Para que usamos suas informa\u00e7\u00f5es pessoais e nossos motivos legais para faz\u00ea-lo<\/u><\/strong><\/p>\n<p>Processamos suas informa\u00e7\u00f5es pessoais para os fins estabelecidos neste aviso de privacidade. Tamb\u00e9m existem algumas raz\u00f5es legais para processarmos suas informa\u00e7\u00f5es pessoais (elas dependem de qual categoria de informa\u00e7\u00f5es pessoais estamos processando). Normalmente, processamos informa\u00e7\u00f5es pessoais quando \u00e9 necess\u00e1rio o fornecimento dos servi\u00e7os estabelecidos em um contrato, quando houver interesse leg\u00edtimo nossos e\/ou de terceiros (como prestadores de sa\u00fade, hospitais etc.), e\/ou quando for exigido ou permitido por qualquer lei que se aplique.<\/p>\n<p>&nbsp;<\/p>\n<p><strong><u>Leg\u00edtimo Interesse<\/u><\/strong><\/p>\n<p>Processamos suas informa\u00e7\u00f5es pessoais para v\u00e1rios interesses leg\u00edtimos, incluindo o cumprimento e a presta\u00e7\u00e3o de um contrato de presta\u00e7\u00e3o de servi\u00e7os, o gerenciamento de todos os aspectos de nosso relacionamento com voc\u00ea, inclusive para ajudar a melhorar nossos servi\u00e7os, e para exercer nossos direitos e\/ou atender suas solicita\u00e7\u00f5es.<\/p>\n<p>&nbsp;<\/p>\n<p><strong><u>Compartilhando suas informa\u00e7\u00f5es<\/u><\/strong><\/p>\n<p>Compartilhamos suas informa\u00e7\u00f5es com as empresas do grupo econ\u00f4mico da Gimenes &amp; Gimenes, com as seguradoras contratantes de nossos servi\u00e7os, com os fornecedores de seguro sa\u00fade, planos de sa\u00fade e\/ou programas de sa\u00fade, com seu empregador, com pessoas agindo em seu nome (por exemplo, corretores, advogados, procuradores, curadores), com hospitais, cl\u00ednicas, laborat\u00f3rios, m\u00e9dicos, ou outras pessoas que nos permitam localizar um servi\u00e7o fornecido a voc\u00ea (por exemplo: prestadores de servi\u00e7os de sa\u00fade e prestadores de assist\u00eancia m\u00e9dica p\u00fablica ou privada). Tamb\u00e9m compartilhamos suas informa\u00e7\u00f5es de acordo com a lei. As informa\u00e7\u00f5es exatas que compartilhamos dependem do motivo pelo qual estamos compartilhando. Por exemplo, se precisarmos compartilhar informa\u00e7\u00f5es para obter dados de assist\u00eancia m\u00e9dica prestada a voc\u00ea, compartilharemos categorias especiais de informa\u00e7\u00f5es, como detalhes de sa\u00fade com o profissional m\u00e9dico respons\u00e1vel pelo atendimento.<\/p>\n<p>&nbsp;<\/p>\n<p><strong><u>Por quanto tempo manteremos suas informa\u00e7\u00f5es pessoais<\/u><\/strong><\/p>\n<p>Manteremos suas informa\u00e7\u00f5es pessoais (I) enquanto voc\u00ea for um benefici\u00e1rio e\/ou usu\u00e1rio dos nossos servi\u00e7os, (II) de acordo com legisla\u00e7\u00e3o em vigor e as defini\u00e7\u00f5es determinadas pelos reguladores, \u00f3rg\u00e3os ou associa\u00e7\u00f5es profissionais, e (III) enquanto perdurar qualquer processo relevante que se aplique \u00e0 presta\u00e7\u00e3o de servi\u00e7os por parte da Seguradora e\/ou de empresas do grupo econ\u00f4mico da Gimenes &amp; Gimenes.<\/p>\n<p>&nbsp;<\/p>\n<p><strong><u>Mudan\u00e7as ou Atualiza\u00e7\u00f5es<\/u><\/strong><\/p>\n<p>Periodicamente, podemos revisar estes Termos e o Aviso de Privacidade, alterando e atualizando suas condi\u00e7\u00f5es. Seu uso continuado deste Site, ap\u00f3s a publica\u00e7\u00e3o de quaisquer altera\u00e7\u00f5es, confirmar\u00e1 a aceita\u00e7\u00e3o dessas altera\u00e7\u00f5es, sendo sua responsabilidade a leitura e observa\u00e7\u00e3o deste Termo e das altera\u00e7\u00f5es realizadas desde a sua \u00faltima visita.<\/p>\n<p>&nbsp;<\/p>\n<p><strong><u>Sobre o Site e sobre a Gimenes &amp; Gimenes<\/u><\/strong><\/p>\n<p>Este Site pertence \u00e0 Gimenes &amp; Gimenes, que \u00e9 uma empresa especializada em servi\u00e7os de assessoria em processos de sinistros de segurados ativos ou n\u00e3o no banco de dados.<\/p>\n<p>Se voc\u00ea tiver alguma d\u00favida sobre este site, sobre estes termos e sobre como processamos suas informa\u00e7\u00f5es, entre em contato conosco.<\/p>\n<p>&nbsp;<\/p>\n<p><strong><u>Viola\u00e7\u00f5es e Foro<\/u><\/strong><\/p>\n<p>Solicitamos que seja informado, imediatamente, qualquer tipo de viola\u00e7\u00e3o destes Termos. Entre em contato conosco relatando de forma mais completa poss\u00edvel o ocorrido para a Gimenes &amp; Gimenes. Qualquer den\u00fancia ser\u00e1 apurada em sigilo e de forma an\u00f4nima. Fica eleito o Foro da Comarca da Capital do Estado de S\u00e3o Paulo para se dirimir quaisquer d\u00favidas.<\/p>\n<p>&nbsp;<\/p>\n","protected":false},"excerpt":{"rendered":"<p>Aviso de Privacidade Temos o compromisso de proteger sua privacidade ao lidar com suas informa\u00e7\u00f5es pessoais. Este aviso de privacidade fornece detalhes sobre as informa\u00e7\u00f5es que coletamos sobre voc\u00ea, como as usamos e como as protegemos. Ele tamb\u00e9m fornece informa\u00e7\u00f5es sobre seus direitos, sobre as informa\u00e7\u00f5es que processamos, e os [&hellip;]<\/p>\n","protected":false},"author":1,"featured_media":0,"parent":0,"menu_order":0,"comment_status":"closed","ping_status":"closed","template":"","meta":[],"_links":{"self":[{"href":"https:\/\/gimenesgimenes.com.br\/index.php?rest_route=\/wp\/v2\/pages\/548"}],"collection":[{"href":"https:\/\/gimenesgimenes.com.br\/index.php?rest_route=\/wp\/v2\/pages"}],"about":[{"href":"https:\/\/gimenesgimenes.com.br\/index.php?rest_route=\/wp\/v2\/types\/page"}],"author":[{"embeddable":true,"href":"https:\/\/gimenesgimenes.com.br\/index.php?rest_route=\/wp\/v2\/users\/1"}],"replies":[{"embeddable":true,"href":"https:\/\/gimenesgimenes.com.br\/index.php?rest_route=%2Fwp%2Fv2%2Fcomments&post=548"}],"version-history":[{"count":5,"href":"https:\/\/gimenesgimenes.com.br\/index.php?rest_route=\/wp\/v2\/pages\/548\/revisions"}],"predecessor-version":[{"id":559,"href":"https:\/\/gimenesgimenes.com.br\/index.php?rest_route=\/wp\/v2\/pages\/548\/revisions\/559"}],"wp:attachment":[{"href":"https:\/\/gimenesgimenes.com.br\/index.php?rest_route=%2Fwp%2Fv2%2Fmedia&parent=548"}],"curies":[{"name":"wp","href":"https:\/\/api.w.org\/{rel}","templated":true}]}}